2)?
-3
Evaluate -6 - (-4 - 5 - -7).
-4
What is the value of -1 + -4 - (0 + -2)?
-3
What is the value of 1 + (6 - 3) - (4 - 1)?
1
What is the value of 1 + -4 + 7 + -3?
1
1 - 6 - (119 + -117)
-7
Calculate -7 - -8 - 10 - -4.
-5
Calculate -12 - ((-22 - -3) + 0).
7
Evaluate -2 + -3 + 2 + 5 - 6.
-4
What is (-1 - (5 + -4)) + 0?
-2
Calculate -9 + 14 + (2 - 3).
4
What is the value of (-2 - (2 + -4)) + -4?
-4
What is the value of 0 - (3 - 0 - 3 - 1)?
1
-6 + 1 - (6 - 9)
-2
-1 + -2 + 5 + -2
0
What is 12 + 0 - 8 - 1?
3
10 + 3 + -23 + 10
0
What is (-2 - (2 + 1)) + (-2 - -9)?
2
Evaluate 0 - (0 + 1) - (-1 - -5).
-5
What is the value of 6 + -7 + (3 - (7 - 9))?
4
Calculate -3 + (9 - 6) - 4.
-4
Evaluate -7 - (2 - (3 - (-3 + 8))).
-11
What is the value of 1 + 4 + (-11 - -6)?
0
What is (5 - 1) + (3 - 6) + -1?
0
What is -7 + 8 + -1 + 1 + 0?
1
Calculate -1 - (-3 - (2 + -5)).
-1
4 + -2 - (-26 + 36) - -3
-5
Evaluate 7 + -15 + 5 + 2.
-1
What is the value of (-1 - -4) + 0 + -2 + -1?
0
What is 5 - ((4 - 3 - 0) + 0)?
4
What is (-5 - -1) + 0 + 3?
-1
What is the value of -13 + 20 - (0 - -12) - 3?
-8
What is the value of 0 - -4 - 4 - -3?
3
What is the value of 7 - (-1 + 2 + 1 + -3)?
8
What is the value of -6 + (-3 - (-11 + 6))?
-4
What is (5 - (5 - (3 - 6))) + -4?
-7
Evaluate -3 + -2 + (-8 - -17).
4
What is (5 - 4) + 2 + -3 + 3?
3
What is the value of -4 - (8 + (-13 - -6))?
-5
-1 + -3 + 3 + 0 + 6
5
Calculate (1 - 4) + (12 - 9) + 2.
2
What is the value of 2 + (-5 - -6) + 1 + -7?
-3
Calculate -2 + (2 - (-1 - -3 - 3)).
1
Evaluate -4 - -1 - 2 - -4.
-1
Calculate -4 + 2 + 3 + -6.
-5
Calculate -13 + 14 - (-15 + 10).
6
What is 2 + 2 + 0 + -5 + -1?
-2
What is (3 + -1 - -3) + -9?
-4
What is the value of (8 - (3 + -6)) + (21 - 29)?
3
Calculate -29 + 22 - (1 + 0).
-8
What is the value of -4 - (-7 + -1) - (1 + 0)?
3
Evaluate -4 - (-1 + (-3 - -3)) - 2.
-5
What is the value of (14 - 0) + -1 - 14?
-1
Evaluate (-4 - (4 - 7)) + -2.
-3
Calculate -3 + -1 + 1 + 0 + 0.
-3
4 + -2 + 2 + -10
-6
What is the value of -2 - (5 + (-9 - -3))?
-1
Calculate 2 - (8 - (-6 - -8)).
-4
Evaluate 5 - (4 + (-5 - -4)).
2
What is -53 + 48 + (5 - 1 - 7)?
-8
Calculate (-1 - -4) + -19 + 19 + 1.
4
What is (-40 - -28) + (2 - -5)?
-5
What is -6 + (1 - 6 - (0 - 7))?
-4
What is the value of -1 + -2 + 2 + (-56 - -58)?
1
What is 0 - 3 - (5 - (9 + -5))?
-4
What is (-5 - 1) + (0 + 4 - -8)?
6
Evaluate -9 - ((-1 - 4) + -6).
2
What is -4 + 5 + 3 + (-3 - -1)?
2
Evaluate (-2 - -5) + (15 - 7) + -6.
5
Evaluate 4 - (-8 + 11 + (0 - 1)).
2
What is the value of 1 - -1 - (9 - 10 - -4)?
-1
What is the value of 9 - 1 - -1 - (-29 + 35)?
3
(2 - (0 - (-1 - 2))) + 0
-1
Calculate (-3 - (1 + 1)) + (10 - 6).
-1
What is (0 - (0 - -1)) + 2?
1
Evaluate -2 - ((3 - (-1 - -2)) + 1).
-5
What is the value of -1 - (18 + -23 + (0 - -1))?
3
What is the value of 7 + 13 + -11 + -16?
-7
Evaluate (-4 - (-7 + 3)) + (2 - 6).
-4
What is -8 + 11 + -5 + 4 + 5?
7
What is -1 - (12 - (-1 - -10))?
-4
What is -3 + -1 - (2 + 1 + -4)?
-3
What is the value of -3 + -4 + 1 + 13 - -3?
10
What is the value of -2 + (4 - -3) + 4 + -5?
4
(7 + -8 - 1) + 3 + 4
5
-5 + 4 + 1 + 3 + -4
-1
Evaluate -5 + 2 + (-4 - -8).
1
Evaluate 3 - (0 + (0 - -3) + -4).
4
What is -58 + 59 + -1 + 3 + -6?
-3
Evaluate 1 + -8 - (3 + -7) - 2.
-5
What is the value of 2 - (-2 - -4) - (-2 + -1)?
3
What is the value of 0 + 3 + (-5 - (-3 + -4))?
5
-8 - (-16 - -10) - -6
4
Evaluate (-2 - (2 - -2)) + 48 + -40.
2
Calculate 5 + -4 - (-2 + 3).
0
What is the value of -12 + -9 + (28 - 5)?
2
Evaluate (-3 + -4 - -3) + -2.
-6
What is the value of (-20 - -11) + 11 - 2?
0
Calculate -3 - (2 + 1) - (4 - 3).
-7
Evaluate (0 - -2) + (-7 - -3 - -1).
-1
What is -2 - (-2 - 7) - 3?
4
What is the value of -1 + 5 + -6 + 0 + -4?
-6
1 + (-6 - -10) + 1
6
(-2 - -2) + 5 + -5 + 5
5
Calculate (1 - 3) + 7 + (-1 - 2).
2
What is (-9 - (-5 - 0)) + 0?
-4
(-1 - 2) + -3 + (-11 - -23)
6
Evaluate 0 - -5 - (-4 + 7 + -1).
3
Evaluate 8 - 5 - (1 + 0 + 0).
2
Evaluate 1 + (1 - 3) + 1.
0
Evaluate (-1 + -3 - -1) + 7.
4
5 - 4 - 2 - (8 - 14)
5
(-3 - (1 - 1)) + 4
1
Calculate -5 - (-3 + 10 + -7).
-5
What is -177 - -170 - (-9 - 1)?
3
Evaluate (18 - 12) + (-1 - (2 - -1)).
2
2 + -1 + -3 - -8
6
-6 + (-1 - (7 + -8))
-6
Calculate (-1 - 1 - (1 - 0)) + 0.
-3
What is -27 + 25 - (3 + 4)?
-9
What is 0 - -1 - (2 + -5 - -3)?
1
What is the value of -7 + -1 - (0 - (2 - 0))?
-6
Calculate (7 - 2) + 0 + -10.
-5
Calculate 0 + (-11 + 6 - 1) + -1.
-7
What is the value of (-7 - (-7 + 3)) + -2?
-5
6 + ((1 - 3) + 3 - 1)
6
-5 + -7 + 12 - -5
5
What is the value of -4 - (-2 - -9 - 11)?
0
Calculate -6 + 8 + -6 + -3.
-7
Evaluate 3 + (8 - (2 + 4)).
5
Calculate 1 + (2 + 1 - (11 + -4)).
-3
What is 5 - ((1 - -5) + 4)?
-5
What is the value of -8 + (13 - (6 + (-1 - -1)))?
-1
What is the value of -4 + 4 + (1 - (-1 - 0))?
2
-3 + -6 - -5 - -4
0
5 - 0 - (1 - -3)
1
-1 - -8 - (-1 + 5) - 4
-1
What is the value of -4 - -1 - (-1 - 2)?
0
Evaluate (-7 - -4) + 1 + 2.
0
Calculate 0 - ((-2 - 2) + 2).
2
Calculate -1 + (-2 - 1) - -8.
4
What is the value of 0 + -8 + 7 + -1 + -3?
-5
(-5 - (-4 + -8)) + -12
-5
Calculate -5 + (9 + -17 - -8).
-5
3 + -2 - -4 - 3
2
-8 - (-7 + (6 - 1))
-6
What is the value of (-5 - -8) + -10 + 3 + 3?
-1
Calculate (-6 - (-17 - -6 - -3)) + 2.
4
What is the value of -5 - (-3 - (1 - 3) - 4)?
0
What is -5 + 1 + (3 - -6) - 5?
0
Evaluate (-2 - 0) + (25 - 4 - 14).
5
What is (-3 - -4 - -2) + (1 - -1)?
5
Calculate -1 + (6 - -4) - 4.
5
(2 - 1) + (11 - 7)
5
What is the value of (1 - 8) + (55 - 46)?
2
What is 2 - 5 - -3 - 2?
-2
4 + (-11 - -11) + -9
-5
Calculate -3 - -8 - (7 - 1) - 5.
-6
Calculate -2 + (-4 - -1) + 4 - -2.
1
Calculate -5 + 1 + 0 - (10 - 19).
5
12 + 2 + -8 + 0
6
4 + (-5 - 3) - -1
-3
What is 0 + -2 + (16 - 19)?
-5
Evaluate (-2 - -1) + (-3 - 4 - -11).
3
What is 5 - (5 - (-5 - -2))?
-3
-3 - (1 + -2 + -8)
6
Calculate -5 + -4 + 5 + 0.
-4
What is 8 + 10 + -4 + (-8 - 4)?
2
Evaluate (-4 + 3 - 7) + 8.
0
What is -6 + (4 - (5 - (-2 - -3)))?
-6
Evaluate 13 + -5 + -4 + -3 + -3.
-2
What is the value of (-10 - -14 - 4) + -7?
-7
What is (1 - -1) + 73 + -64 + -7?
4
What is the value of -4 + 1 + 11 + (-9 - -6)?
5
What is the value of 3 - (-5 - (-3 + -9 + -3))?
-7
Evaluate 3 + (-1 - 5) + (8 - 1).
4
What is 1 + -3 + (-5 - -4)?
-3
Calculate (13 - 15) + (2 - -1).
1
-1 + 9 - (77 + -73)
4
What is the value of (1 - 1) + (-11 - -10) - -2?
1
Evaluate 1 + 5 - (-14 + 12 + 9).
-1
Evaluate 0 - -3 - (11 + -13).
5
Calculate -2 - ((0 - 3) + -3).
4
Calculate -2 + -11 + 17 + -9.
-5
What is -8 + 7 - (-4 - -5)?
-2
Evaluate -1 - 0 - (3 + -3 - 2).
1
-8 + (-5 + 4 - -11)
2
What is the value of 5 + 3 + -5 + -2 - 2?
-1
What is -3 - (-5 - (7 + -10))?
-1
What is the value of 2 - (4 - (5 + -2)) - 3?
-2
What is (6 - -2) + -10 - 2?
-4
What is -6 - (1 - -8 - 11)?
-4
What is -5 - (4 + 8 + -23)?
6
What is 9 + (-6 - -1) - (-3 + 7)?
0
(0 - -6 - -6) + (0 - 6)
6
Evaluate -3 - (0 - (0 - (-8 - -1))).
4
What is -3 + -1 + (-24 - -33)?
5
-5 + (5 - 6) - 0
-6
Calculate 0 - (-6 - (-12 - 0)).
-6
-10 + 2 + (-2 - -8)
-2
1 - (6 + (-3 - 1))
-1
(4 - (-2 + 11)) + 4
-1
-1 + 1 + (33 - 28)
5
Calculate 2 - -2 - (-7 - -2 - -4).
5
What is -3 - (4 + -8 - 4)?
5
What is 7 + -2 + 0 - (8 + 5)?
-8
Calculate 0 - (-6 + 4 + -1 + 6).
-3
What is the value of 1 - (8 - (9 - (-8 - -2)))?
8
What is the value of 2 - -5 - (-6 + 8 + 2)?
3
4 + -2 + (0 - 0)
2
Calculate 0 + -8 - (81 + -89).
0
What is (-1 + 4 - 4) + -1?
-2
Evaluate (1 - 6) + (3 + 10 - 10).
-2
1 - -6 - ((10 - 3) + 6)
-6
What is the value of 0 + 3 + -3 + -2?
-2
Calculate (-2 - -4) + 2 - (8 - 7).
3
Calculate 1 + -3 + (-108 - -117) - 10.
-3
(-5 - 1) + -15 + (10 - -5)
-6
Calculate (5 - 1) + -4 - -6.
6
What is the value of 0 - (-2 + 7) - (-1 + -3)?
-1
Evaluate 14 + -9 - 0 - -3.
8
Evaluate 3 + (-4 - -1 - (3 - 2)).
-1
Evaluate 0 + (0 - -2) + 3.
5
Calculate 1 - (0 + (5 - 3)).
-1
Calculate 2 + 2 + (-6 - -1) + 4.
3
Evaluate (-9 - -11 - -10) + -6.
6
What is 1 + (-4 - (-1 - -4))?
-6
-4 + -1 + 0 + -12 + 12
-5
Calculate (5 + -5 - -8) + -18.
-10
What is (0 - -3) + -7 + 11 + -10?
-3
What is 3 + ((1 - -3) + -6 - 1)?
0
Calculate -6 - -1 - (2 + -9).
2
Evaluate -3 + (8 + -9 - 0).
-4
What is (-2 - (-4 + 5 + -5)) + 2?
4
What is 4 + (-2 - 2) + -2?
-2
What is the value of 6 - (1 + 0) - (-428 + 442)?
-9
Evaluate 1 - (4 - (7 + -5)).
-1
Calculat